{"id":632,"date":"2022-03-21T07:42:33","date_gmt":"2022-03-21T07:42:33","guid":{"rendered":"http:\/\/ggwcxbv.cluster029.hosting.ovh.net\/index.php\/home\/"},"modified":"2025-04-27T14:44:41","modified_gmt":"2025-04-27T12:44:41","slug":"home","status":"publish","type":"page","link":"https:\/\/francktemim.fr\/","title":{"rendered":"Home"},"content":{"rendered":"\n\n\t<h1>\n\t\t\t\t\tFranck Temim\n\t\t\t\t<\/h1>\n\t\t\t<p><strong>15 ann\u00e9es d&rsquo;exp\u00e9rience \u00e0 votre service<\/strong><\/p>\n<h4><strong><bgcolor=\"#FF8000\">R\u00e9servez votre audit patrimonial OFFERT, accompagn\u00e9 de simulations : 0603840858<\/strong><\/h4>\n\t<h5>\n\t\t\t\t\tConseiller en Investissements Financiers (CIF)\n\t\t\t\t<\/h5>\n\t\t\t<p><strong>Courtier d&rsquo;assurance ou de r\u00e9assurance (COA)<\/strong> niveau 1.<\/p>\n<p>Ing\u00e9nieur patrimonial<br \/>Certifi\u00e9 par l&rsquo;Autorit\u00e9 des March\u00e9s Financiers (AMF) et membre national depuis 2010 du Conseil Financier.<\/p>\n<p><strong>Gestion priv\u00e9e accessible pour tous, \u00e0 partir de 1\u20ac\/jour.<\/strong><\/p>\n<p>Acc\u00e9dez aux meilleurs contrats d&rsquo;assurance vie, club deals et SCPI du march\u00e9.<\/p>\n\t\t\t<a href=\"https:\/\/francktemim.fr\/index.php\/contact\/\" target=\"_self\"  role=\"button\">\n\t\t\t\t\t\t\u00catre rappel\u00e9(e)\n\t\t<\/a>\n\t\t\t<a href=\"#\" target=\"_self\"  role=\"button\">\n\t\t\t\t\t\tPour en savoir + 0603840858\n\t\t<\/a>\n\t<ul>\n\t\t<li>\t\t\t\t\n\t\tConfiance<\/li>\t<\/ul>\n\t<ul>\n\t\t<li>\t\t\t\t\n\t\tExp\u00e9rience<\/li>\t<\/ul>\n\t<ul>\n\t\t<li>\t\t\t\t\n\t\tProfessionnalisme<\/li>\t<\/ul>\n\t\t\t\t<img decoding=\"async\" src=\"https:\/\/francktemim.fr\/wp-content\/uploads\/2022\/09\/PHOTO-FTEMIM-e1666349941229.jpg\" alt=\"PHOTO-FTEMIM\" itemprop=\"image\"\/>\n\t<p><em>\u00ab\u00a0La connaissance s&rsquo;acquiert par l&rsquo;exp\u00e9rience, tout le reste n&rsquo;est que de l&rsquo;information\u00a0\u00bb<\/em> &#8211; Albert Einstein<\/p>\n\t\t\t\t<img loading=\"lazy\" decoding=\"async\" src=\"https:\/\/francktemim.fr\/wp-content\/uploads\/2023\/10\/IMG-20231020-WA0023-150x150.jpg\" alt=\"Logo Troph\u00e9es Finance Responsable\" itemprop=\"image\" height=\"150\" width=\"150\" title=\"finance_responsable\" onerror=\"this.style.display='none'\"  \/>\n\t<p><strong>Franck Temim membre du jury des Troph\u00e9es de la Finance Responsable 2023<\/strong><\/p>\n\t\t\t\t<img loading=\"lazy\" decoding=\"async\" src=\"https:\/\/francktemim.fr\/wp-content\/uploads\/2023\/10\/IMG-20231020-WA0024-150x150.jpg\" alt=\"SCPI 2023\" itemprop=\"image\" height=\"150\" width=\"150\" title=\"Troph\u00e9e Finance Responsable\" onerror=\"this.style.display='none'\"  \/>\n\t<h2><a href=\"https:\/\/francktemim.fr\/wp-content\/uploads\/2025\/04\/SCPI-Inter.pdf\" target=\"_blank\" rel=\"noopener\">Ces SCPI qui visent l&rsquo;international<\/a><\/h2>\n<p><a href=\"https:\/\/francktemim.fr\/wp-content\/uploads\/2025\/04\/SCPI-Inter.pdf\" target=\"_blank\" rel=\"noopener\">\u00ab La strat\u00e9gie du \u00ab\u00a0Go any-where\u00a0\u00bb est une approche opportuniste qui am\u00e9liore le ratio de Sharpe et surtout apporte une meilleure prime de risque \u00bb, pr\u00e9cise Franck Temim. Il rappelle que l&rsquo;investissement paneurop\u00e9en offre une exposition optimis\u00e9e aux cycles immobiliers diff\u00e9renci\u00e9s selon les pays et permet d&rsquo;exploiter les disparit\u00e9s de mod\u00e8les \u00e9conomiques.<\/a><\/p>\n\n<h2>Quelle SCPI choisir en 2024 ?<\/h2>\n<p><a href=\"https:\/\/www.lenouveleconomiste.fr\/lesdossiers\/quelles-scpi-choisir-en-2024\/\" target=\"_blank\" rel=\"noopener\" data-saferedirecturl=\"https:\/\/www.google.com\/url?q=https:\/\/www.lenouveleconomiste.fr\/lesdossiers\/quelles-scpi-choisir-en-2024\/&amp;source=gmail&amp;ust=1716321802680000&amp;usg=AOvVaw0jR0cYoZ4SpuET_RBjSpwJ\">https:\/\/www.<wbr \/>lenouveleconomiste.fr\/<wbr \/>lesdossiers\/quelles-scpi-<wbr \/>choisir-en-2024\/<\/a><\/p>\n\t\t\t\t<img decoding=\"async\" src=\"https:\/\/francktemim.fr\/wp-content\/uploads\/2024\/05\/IMG-20240503-WA0016.jpg\" alt=\"IMG-20240503-WA0016\" itemprop=\"image\" title=\"IMG-20240503-WA0016\" onerror=\"this.style.display='none'\"  \/>\n\t\t\t\t<img decoding=\"async\" src=\"https:\/\/francktemim.fr\/wp-content\/uploads\/2024\/05\/IMG-20240503-WA0018.jpg\" alt=\"IMG-20240503-WA0018\" itemprop=\"image\" title=\"IMG-20240503-WA0018\" onerror=\"this.style.display='none'\"  \/>\n\t\t\t\t<img decoding=\"async\" src=\"https:\/\/francktemim.fr\/wp-content\/uploads\/2024\/05\/IMG-20240503-WA0017.jpg\" alt=\"IMG-20240503-WA0017\" itemprop=\"image\" title=\"IMG-20240503-WA0017\" onerror=\"this.style.display='none'\"  \/>\n\t<h2>Investir dans les SCPI : stop ou encore ?<\/h2>\n<p>&nbsp;<\/p>\n\t\t\t\t<a href=\"https:\/\/francktemim.fr\/wp-content\/uploads\/2024\/02\/couv.png\" target=\"_self\" itemprop=\"url\">\n\t\t\t\t<img loading=\"lazy\" decoding=\"async\" src=\"https:\/\/francktemim.fr\/wp-content\/uploads\/2024\/02\/couv-226x300.png\" alt=\"couv\" itemprop=\"image\" height=\"300\" width=\"226\" title=\"couv\" onerror=\"this.style.display='none'\"  \/>\n\t\t\t\t<\/a>\n\t\t\t\t<a href=\"https:\/\/francktemim.fr\/wp-content\/uploads\/2024\/02\/IMG-20240213-WA0013.jpg\" target=\"_self\" itemprop=\"url\">\n\t\t\t\t<img loading=\"lazy\" decoding=\"async\" src=\"https:\/\/francktemim.fr\/wp-content\/uploads\/2024\/02\/IMG-20240213-WA0013-281x1024.jpg\" alt=\"IMG-20240213-WA0013\" itemprop=\"image\" height=\"1024\" width=\"281\" title=\"IMG-20240213-WA0013\" onerror=\"this.style.display='none'\"  \/>\n\t\t\t\t<\/a>\n<h2>\n\t\tInterview de Franck Temim sur les SCPI\n\t<\/h2>\n\t\t\t\t<a href=\"https:\/\/francktemim.fr\/wp-content\/uploads\/2023\/07\/IMG-20230606-WA0022.jpg\" target=\"_self\" itemprop=\"url\">\n\t\t\t\t<img loading=\"lazy\" decoding=\"async\" src=\"https:\/\/francktemim.fr\/wp-content\/uploads\/2023\/07\/IMG-20230606-WA0022.jpg\" alt=\"IMG-20230606-WA0022\" itemprop=\"image\" height=\"1024\" width=\"756\" title=\"IMG-20230606-WA0022\" onerror=\"this.style.display='none'\"  \/>\n\t\t\t\t<\/a>\n\t\t\t\t<a href=\"https:\/\/francktemim.fr\/wp-content\/uploads\/2023\/07\/IMG-20230606-WA0021.jpg\" target=\"_self\" itemprop=\"url\">\n\t\t\t\t<img loading=\"lazy\" decoding=\"async\" src=\"https:\/\/francktemim.fr\/wp-content\/uploads\/2023\/07\/IMG-20230606-WA0021.jpg\" alt=\"IMG-20230606-WA0021\" itemprop=\"image\" height=\"1024\" width=\"765\" title=\"IMG-20230606-WA0021\" onerror=\"this.style.display='none'\"  \/>\n\t\t\t\t<\/a>\n\t\t\t\t<a href=\"https:\/\/francktemim.fr\/wp-content\/uploads\/2023\/07\/IMG-20230606-WA0020.jpg\" target=\"_self\" itemprop=\"url\">\n\t\t\t\t<img loading=\"lazy\" decoding=\"async\" src=\"https:\/\/francktemim.fr\/wp-content\/uploads\/2023\/07\/IMG-20230606-WA0020.jpg\" alt=\"IMG-20230606-WA0020\" itemprop=\"image\" height=\"1024\" width=\"757\" title=\"IMG-20230606-WA0020\" onerror=\"this.style.display='none'\"  \/>\n\t\t\t\t<\/a>\n\t<h1>SCPI de la semaine : PF Hospitalit\u00e9 Europe, PERIAL AM. Avec Franck Temim, Conseiller en Investissements Financiers<\/h1>\n<p><a href=\"https:\/\/www.clubpatrimoine.com\/contenus\/scpi-de-la-semaine-pf-hospitalite-europe-perial-am-avec-franck-temim-conseiller-en-investissements-financiers\" target=\"_blank\" rel=\"noopener\"><img loading=\"lazy\" decoding=\"async\" src=\"https:\/\/francktemim.fr\/wp-content\/uploads\/2023\/05\/Screenshot_2023-05-15-22-23-48-133-300x294.jpg\" alt=\"Interview Franck Temim Club Patrimoine - SCPI Pierre papier\" width=\"300\" height=\"294\" \/><\/a><\/p>\n<p><a href=\"https:\/\/www.clubpatrimoine.com\/contenus\/scpi-de-la-semaine-pf-hospitalite-europe-perial-am-avec-franck-temim-conseiller-en-investissements-financiers\" target=\"_blank\" rel=\"noopener\">https:\/\/www.clubpatrimoine.com\/contenus\/scpi-de-la-semaine-pf-hospitalite-europe-perial-am-avec-franck-temim-conseiller-en-investissements-financiers<\/a><\/p>\n\t<h6>\n\t\t\t\t\tMes services\n\t\t\t\t<\/h6>\n\t<h2>\n\t\t\t\t\tPourquoi me contacter\n\t\t\t\t<\/h2>\n\t\t\t<p>Audit patrimonial complet et gratuit.<\/p>\n\t\t\t\t<img decoding=\"async\" src=\"https:\/\/francktemim.fr\/wp-content\/uploads\/2018\/08\/bg-03-free-img.jpg\" alt=\"Background image\" itemprop=\"image\"\/>\n\t<h5>\n\t\t\t\t\t01.\n\t\t\t\t<\/h5>\n\t<h3>\n\t\t\t\t\tAudit patrimonial\n\t\t\t\t<\/h3>\n\t\t\t<p>Un audit patrimonial sur-mesure.<\/p>\n\t\t\t<a href=\"https:\/\/francktemim.fr\/index.php\/contact\/\" target=\"_self\"  role=\"button\">\n\t\t\t\t\t\tJe souhaite \u00eatre rappel\u00e9(e)\n\t\t<\/a>\n\t<h5>\n\t\t\t\t\t02.\n\t\t\t\t<\/h5>\n\t<h3>\n\t\t\t\t\tPlacements financiers\n\t\t\t\t<\/h3>\n\t\t\t<p>Nous saurons vous proposer le ou les placements correspondant \u00e0 vos objectifs.<\/p>\n\t\t\t<a href=\"https:\/\/francktemim.fr\/index.php\/contact\/\" target=\"_self\"  role=\"button\">\n\t\t\t\t\t\t\u00catre rappel\u00e9(e)\n\t\t<\/a>\n\t\t\t\t<img decoding=\"async\" src=\"https:\/\/francktemim.fr\/wp-content\/uploads\/2018\/08\/bg-05-free-img.jpg\" alt=\"Background image\" itemprop=\"image\"\/>\n\t\t\t\t<img decoding=\"async\" src=\"https:\/\/francktemim.fr\/wp-content\/uploads\/2018\/08\/bg-04-free-img.jpg\" alt=\"Background image\" itemprop=\"image\"\/>\n\t<h5>\n\t\t\t\t\t03.\n\t\t\t\t<\/h5>\n\t<h3>\n\t\t\t\t\tSCPI\n\t\t\t\t<\/h3>\n\t\t\t<p>Franck Temim, expert en placement SCPI.<\/p>\n\t\t\t<a href=\"https:\/\/francktemim.fr\/index.php\/contact\/\" target=\"_self\"  role=\"button\">\n\t\t\t\t\t\tJe souhaite \u00eatre rappel\u00e9(e)\n\t\t<\/a>\n\t<h6>\n\t\t\t\t\tvous \u00eatre entre de bonnes mains\n\t\t\t\t<\/h6>\n\t<h2>\n\t\t\t\t\tMon parcours\n\t\t\t\t<\/h2>\n\t\t\t<p>Apr\u00e8s avoir travaill\u00e9 aupr\u00e8s d&rsquo;un grand cabinet depuis 2009 et \u00e9galement chez Primonial Asset Management (leader ind\u00e9pendant en France de la Gestion Priv\u00e9e), <strong>Franck Temim<\/strong> a \u00e9galement travaill\u00e9 dans un Family Office et un cabinet de fiscaliste.<\/p>\n<p>Il justifie \u00e0 ce jour de 15 ans d&rsquo;exp\u00e9rience en Gestion Priv\u00e9e et Gestion de Fortune.<\/p>\n<p>Au cours de ces pr\u00e9c\u00e9dentes ann\u00e9es, il a \u00e9t\u00e9 Consultant Senior et Manager.<br \/>Il a \u00e9galement inspir\u00e9 et form\u00e9 plus d&rsquo;une centaine de Consultants dans sa sp\u00e9cialit\u00e9.<\/p>\n<p>Sp\u00e9cialiste SCPI,<br \/>Conseiller en Investissements Financiers (CIF),<br \/>Ing\u00e9nieur patrimonial.<\/p>\n<p><strong>Ses formations :<\/strong><\/p>\n<p>\u00c9cole sup\u00e9rieure de commerce,<br \/>New York University (NYU),<br \/>Certifi\u00e9 par l&rsquo;Autorit\u00e9 des March\u00e9s Financiers (AMF) et<br \/>membre national depuis 2010 du Conseil Financier,<\/p>\nAgr\u00e9ment ACPR Banque de France.\n\t<h4>\n\t\t\t\t\tDisponibilit\u00e9\n\t\t\t\t<\/h4>\n\t\t\t<p>Que ce soit pour un RDV t\u00e9l\u00e9phonique, visio ou pr\u00e9sentiel.<\/p>\n\t<h4>\n\t\t\t\t\tEfficacit\u00e9\n\t\t\t\t<\/h4>\n\t\t\t<p>Vous serez conseill\u00e9 par un expert, en contact permanent avec les diff\u00e9rents gestionnaires.<\/p>\n\t<h4>\n\t\t\t\t\tAccompagnement\n\t\t\t\t<\/h4>\n\t\t\t<p>Franck Temim saura se rendre disponible pour vous expliquer les m\u00e9canismes financiers et vous accompagner tout au long de votre investissement.<\/p>\n\t<h6>\n\t\t\t\t\tT\u00e9moignages\n\t\t\t\t<\/h6>\n\t<h2>\n\t\t\t\t\tAvis clients\n\t\t\t\t<\/h2>\n\t<p>Professionalisme.<\/p>\n\t<h5>\n\t\t\t\t\tA L\n\t\t\t\t<\/h5>\n\t\t\t<p>CEO &amp; Founder<\/p>\n\t<p>Tr\u00e8s bon relationnel.<\/p>\n\t<h5>\n\t\t\t\t\tA C\n\t\t\t\t<\/h5>\n\t\t\t<p>Directeur RH<\/p>\n\t<p>Excellent suivi client.<\/p>\n\t<h5>\n\t\t\t\t\tC G\n\t\t\t\t<\/h5>\n\t\t\t<p>Ing\u00e9nieur<\/p>\n\t\t\t\t<img loading=\"lazy\" decoding=\"async\" src=\"https:\/\/francktemim.fr\/wp-content\/uploads\/2022\/10\/alderan-logo-footer.png\" alt=\"alderan-logo-footer\" itemprop=\"image\" height=\"49\" width=\"150\" title=\"alderan-logo-footer\" onerror=\"this.style.display='none'\"  \/>\n\t\t\t\t<img loading=\"lazy\" decoding=\"async\" src=\"https:\/\/francktemim.fr\/wp-content\/uploads\/2024\/07\/WhatsApp-Image-2024-07-11-at-16.43.01.jpeg\" alt=\"Mimco\" itemprop=\"image\" height=\"267\" width=\"854\" title=\"MIMCO\" onerror=\"this.style.display='none'\"  \/>\n\t\t\t\t<img loading=\"lazy\" decoding=\"async\" src=\"https:\/\/francktemim.fr\/wp-content\/uploads\/2024\/07\/WhatsApp-Image-2024-07-11-at-16.45.55.jpeg\" alt=\"NORMA CAPITAL\" itemprop=\"image\" height=\"459\" width=\"960\" title=\"NORMA CAPITAL\" onerror=\"this.style.display='none'\"  \/>\n\t\t\t\t<img loading=\"lazy\" decoding=\"async\" src=\"https:\/\/francktemim.fr\/wp-content\/uploads\/2024\/07\/WhatsApp-Image-2024-07-11-at-16.11.29-1.jpeg\" alt=\"Edmond de Rothschild\" itemprop=\"image\" height=\"505\" width=\"960\" title=\"Edmond de Rothschild\" onerror=\"this.style.display='none'\"  \/>\n\t\t\t\t<img loading=\"lazy\" decoding=\"async\" src=\"https:\/\/francktemim.fr\/wp-content\/uploads\/2022\/10\/5922d796e0312logo-sogenial.webp\" alt=\"5922d796e0312logo-sogenial\" itemprop=\"image\" height=\"648\" width=\"1024\" title=\"5922d796e0312logo-sogenial\" onerror=\"this.style.display='none'\"  \/>\n\t\t\t\t<img loading=\"lazy\" decoding=\"async\" src=\"https:\/\/francktemim.fr\/wp-content\/uploads\/2023\/05\/Screenshot-2023-05-18-22.36.46-1.png\" alt=\"Screenshot 2023-05-18 22.36.46\" itemprop=\"image\" height=\"63\" width=\"165\" title=\"Screenshot 2023-05-18 22.36.46\" onerror=\"this.style.display='none'\"  \/>\n\t<h6>\n\t\t\t\t\tAudit gratuit\n\t\t\t\t<\/h6>\n\t<h3>\n\t\t\t\t\t<a href=\"https:\/\/francktemim.fr\/index.php\/contact\/\" title=\"\u00catre rappel\u00e9\" target=\"_self\">\n\t\t\t\t\t\t\u00catre rappel\u00e9\n\t\t\t\t\t\t<\/a>\n\t\t\t<\/h3>\n\n","protected":false},"excerpt":{"rendered":"<p>Franck Temim 15 ann\u00e9es d&rsquo;exp\u00e9rience \u00e0 votre service R\u00e9servez votre audit patrimonial OFFERT, accompagn\u00e9 de simulations : 0603840858 Conseiller en Investissements Financiers (CIF) Courtier d&rsquo;assurance ou de r\u00e9assurance (COA) niveau 1. Ing\u00e9nieur patrimonialCertifi\u00e9 par l&rsquo;Autorit\u00e9 des March\u00e9s Financiers (AMF) et membre national depuis 2010 du Conseil Financier. Gestion priv\u00e9e accessible pour tous, \u00e0 partir de [&hellip;]<\/p>\n","protected":false},"author":1,"featured_media":0,"parent":0,"menu_order":0,"comment_status":"closed","ping_status":"closed","template":"","meta":{"site-sidebar-layout":"no-sidebar","site-content-layout":"page-builder","ast-site-content-layout":"full-width-container","site-content-style":"unboxed","site-sidebar-style":"unboxed","ast-global-header-display":"","ast-banner-title-visibility":"","ast-main-header-display":"","ast-hfb-above-header-display":"","ast-hfb-below-header-display":"","ast-hfb-mobile-header-display":"","site-post-title":"disabled","ast-breadcrumbs-content":"","ast-featured-img":"disabled","footer-sml-layout":"","theme-transparent-header-meta":"enabled","adv-header-id-meta":"","stick-header-meta":"","header-above-stick-meta":"","header-main-stick-meta":"","header-below-stick-meta":"","astra-migrate-meta-layouts":"set","ast-page-background-enabled":"default","ast-page-background-meta":{"desktop":{"background-color":"","background-image":"","background-repeat":"repeat","background-position":"center center","background-size":"auto","background-attachment":"scroll","background-type":"","background-media":"","overlay-type":"","overlay-color":"","overlay-gradient":""},"tablet":{"background-color":"","background-image":"","background-repeat":"repeat","background-position":"center center","background-size":"auto","background-attachment":"scroll","background-type":"","background-media":"","overlay-type":"","overlay-color":"","overlay-gradient":""},"mobile":{"background-color":"","background-image":"","background-repeat":"repeat","background-position":"center center","background-size":"auto","background-attachment":"scroll","background-type":"","background-media":"","overlay-type":"","overlay-color":"","overlay-gradient":""}},"ast-content-background-meta":{"desktop":{"background-color":"var(--ast-global-color-5)","background-image":"","background-repeat":"repeat","background-position":"center center","background-size":"auto","background-attachment":"scroll","background-type":"","background-media":"","overlay-type":"","overlay-color":"","overlay-gradient":""},"tablet":{"background-color":"var(--ast-global-color-5)","background-image":"","background-repeat":"repeat","background-position":"center center","background-size":"auto","background-attachment":"scroll","background-type":"","background-media":"","overlay-type":"","overlay-color":"","overlay-gradient":""},"mobile":{"background-color":"var(--ast-global-color-5)","background-image":"","background-repeat":"repeat","background-position":"center center","background-size":"auto","background-attachment":"scroll","background-type":"","background-media":"","overlay-type":"","overlay-color":"","overlay-gradient":""}},"footnotes":""},"class_list":["post-632","page","type-page","status-publish","hentry"],"_links":{"self":[{"href":"https:\/\/francktemim.fr\/index.php\/wp-json\/wp\/v2\/pages\/632","targetHints":{"allow":["GET"]}}],"collection":[{"href":"https:\/\/francktemim.fr\/index.php\/wp-json\/wp\/v2\/pages"}],"about":[{"href":"https:\/\/francktemim.fr\/index.php\/wp-json\/wp\/v2\/types\/page"}],"author":[{"embeddable":true,"href":"https:\/\/francktemim.fr\/index.php\/wp-json\/wp\/v2\/users\/1"}],"replies":[{"embeddable":true,"href":"https:\/\/francktemim.fr\/index.php\/wp-json\/wp\/v2\/comments?post=632"}],"version-history":[{"count":126,"href":"https:\/\/francktemim.fr\/index.php\/wp-json\/wp\/v2\/pages\/632\/revisions"}],"predecessor-version":[{"id":1132,"href":"https:\/\/francktemim.fr\/index.php\/wp-json\/wp\/v2\/pages\/632\/revisions\/1132"}],"wp:attachment":[{"href":"https:\/\/francktemim.fr\/index.php\/wp-json\/wp\/v2\/media?parent=632"}],"curies":[{"name":"wp","href":"https:\/\/api.w.org\/{rel}","templated":true}]}}